{"id":17,"date":"2022-01-20T17:41:22","date_gmt":"2022-01-20T17:41:22","guid":{"rendered":"https:\/\/in-frieden-kommen.de\/?page_id=17"},"modified":"2022-08-16T15:27:59","modified_gmt":"2022-08-16T15:27:59","slug":"impressum","status":"publish","type":"page","link":"https:\/\/in-frieden-kommen.de\/in-frieden-kommen\/impressum\/","title":{"rendered":"Impressum"},"content":{"rendered":"\n<p>Alle Rechte vorbehalten. Vervielf\u00e4ltigung in jedweder Form nur mit schriftlicher Genehmigung.<\/p>\n\n\n\n<p>Haftungshinweis: Trotz sorgf\u00e4ltiger inhaltlicher Kontrolle wird keine Haftung f\u00fcr die Inhalte externer Links \u00fcbernommen. F\u00fcr deren Inhalt sind ausschlie\u00dflich die Betreiber verantwortlich.<\/p>\n\n\n\n<p>Verantwortlich f\u00fcr den Inhalt gem\u00e4\u00df \u00a7 10 MDStV:<\/p>\n\n\n\n<p><strong>Dr. Reinhard Billmeier<\/strong><br>Schlesierstr. 12<br>31139 Hildesheim<br>Tel.: +49-(0)5121-130707<\/p>\n","protected":false},"excerpt":{"rendered":"<p>Alle Rechte vorbehalten. Vervielf\u00e4ltigung in jedweder Form nur mit schriftlicher Genehmigung. Haftungshinweis: Trotz sorgf\u00e4ltiger inhaltlicher Kontrolle wird keine Haftung f\u00fcr die Inhalte externer Links \u00fcbernommen. F\u00fcr deren Inhalt sind ausschlie\u00dflich [&hellip;]<\/p>\n","protected":false},"author":1,"featured_media":0,"parent":0,"menu_order":0,"comment_status":"closed","ping_status":"closed","template":"template-fullwidth.php","meta":{"footnotes":""},"class_list":["post-17","page","type-page","status-publish","hentry","post-preview"],"_links":{"self":[{"href":"https:\/\/in-frieden-kommen.de\/in-frieden-kommen\/wp-json\/wp\/v2\/pages\/17","targetHints":{"allow":["GET"]}}],"collection":[{"href":"https:\/\/in-frieden-kommen.de\/in-frieden-kommen\/wp-json\/wp\/v2\/pages"}],"about":[{"href":"https:\/\/in-frieden-kommen.de\/in-frieden-kommen\/wp-json\/wp\/v2\/types\/page"}],"author":[{"embeddable":true,"href":"https:\/\/in-frieden-kommen.de\/in-frieden-kommen\/wp-json\/wp\/v2\/users\/1"}],"replies":[{"embeddable":true,"href":"https:\/\/in-frieden-kommen.de\/in-frieden-kommen\/wp-json\/wp\/v2\/comments?post=17"}],"version-history":[{"count":2,"href":"https:\/\/in-frieden-kommen.de\/in-frieden-kommen\/wp-json\/wp\/v2\/pages\/17\/revisions"}],"predecessor-version":[{"id":206,"href":"https:\/\/in-frieden-kommen.de\/in-frieden-kommen\/wp-json\/wp\/v2\/pages\/17\/revisions\/206"}],"wp:attachment":[{"href":"https:\/\/in-frieden-kommen.de\/in-frieden-kommen\/wp-json\/wp\/v2\/media?parent=17"}],"curies":[{"name":"wp","href":"https:\/\/api.w.org\/{rel}","templated":true}]}}

<p>Alle Rechte vorbehalten. Vervielfältigung in jedweder Form nur mit schriftlicher Genehmigung.</p>



<p>Haftungshinweis: Trotz sorgfältiger inhaltlicher Kontrolle wird keine Haftung für die Inhalte externer Links übernommen. Für deren Inhalt sind ausschließlich die Betreiber verantwortlich.</p>



<p>Verantwortlich für den Inhalt gemäß § 10 MDStV:</p>



<p><strong>Dr. Reinhard Billmeier</strong><br>Schlesierstr. 12<br>31139 Hildesheim<br>Tel.: +49-(0)5121-130707</p>

<p>Alle Rechte vorbehalten. Vervielfältigung in jedweder Form nur mit schriftlicher Genehmigung. Haftungshinweis: Trotz sorgfältiger inhaltlicher Kontrolle wird keine Haftung für die Inhalte externer Links übernommen. Für deren Inhalt sind ausschließlich [&hellip;]</p>
