{"id":11,"date":"2022-01-20T17:41:22","date_gmt":"2022-01-20T17:41:22","guid":{"rendered":"https:\/\/in-frieden-kommen.de\/?page_id=11"},"modified":"2026-02-11T09:31:09","modified_gmt":"2026-02-11T09:31:09","slug":"ueber-uns","status":"publish","type":"page","link":"https:\/\/in-frieden-kommen.de\/in-frieden-kommen\/ueber-uns\/","title":{"rendered":"Der Pilgerweg im Fr\u00fchjahr 2022"},"content":{"rendered":"\n<p>Vom 8. April bis zum 8. Mai 2022 war ich 580 km pilgernd unterwegs, um einen pers\u00f6nlichen Beitrag f\u00fcr inneren und \u00e4u\u00dferen Frieden zu leisten:<\/p>\n\n\n\n<ul class=\"wp-block-list\">\n<li>f\u00fcr inneren Frieden in mir selbst und den Menschen, die sich auf verschiedenen Wegen &#8211; z.B. mitpilgernd &#8211; angeschlossen haben;<\/li>\n\n\n\n<li>f\u00fcr \u00e4u\u00dferen &#8211; gesellschaftlichen und internationalen &#8211; Frieden (s.u. *) durch das Einwerben von Spenden f\u00fcr ein Internationales Friedens- und Begegnungszentrum in der Klosterkirche in Gerode. Damit unterst\u00fctze ich pilgernd und in Seminaren weiterhin die Friedensarbeit der gemeinn\u00fctzigen <em>WEG DER MITTE &#8211; Daya Mullins Stiftung<\/em>, die schon heute weit \u00fcber die Zentren in Berlin, G\u00f6ttingen und die Klostermauern in Gerode hinaus heilsam wirkt.<\/li>\n<\/ul>\n\n\n\n<figure class=\"wp-block-image size-large is-style-default\"><img loading=\"lazy\" decoding=\"async\" width=\"1024\" height=\"529\" src=\"https:\/\/in-frieden-kommen.de\/wp-content\/uploads\/2022\/02\/Tour2-1024x529.jpg\" alt=\"\" class=\"wp-image-966\" srcset=\"https:\/\/in-frieden-kommen.de\/wp-content\/uploads\/2022\/02\/Tour2-1024x529.jpg 1024w, https:\/\/in-frieden-kommen.de\/wp-content\/uploads\/2022\/02\/Tour2-300x155.jpg 300w, https:\/\/in-frieden-kommen.de\/wp-content\/uploads\/2022\/02\/Tour2-768x397.jpg 768w, https:\/\/in-frieden-kommen.de\/wp-content\/uploads\/2022\/02\/Tour2-1536x794.jpg 1536w, https:\/\/in-frieden-kommen.de\/wp-content\/uploads\/2022\/02\/Tour2-676x349.jpg 676w, https:\/\/in-frieden-kommen.de\/wp-content\/uploads\/2022\/02\/Tour2.jpg 1885w\" sizes=\"auto, (max-width: 1024px) 100vw, 1024px\" \/><figcaption class=\"wp-element-caption\">\u00dcbersicht der gesamten Strecke<\/figcaption><\/figure>\n\n\n\n<p>Der Pilgerweg f\u00fchrte \u00fcber 583 km vom Stammsitz des <em>WEG DER MITTE<\/em> in Berlin Zehlendorf in einem gro\u00dfen Bogen \u00fcber Orte und Landschaften, wo Helferinnen und Unterst\u00fctzer leben, \u00fcber das <em>WEG DER MITTE<\/em> Institut f\u00fcr angewandte west-\u00f6stliche Heilkunst in G\u00f6ttingen zu den Himmel-\u00fcberw\u00f6lbten Mauern der Klosterkirche im Gesundheits- und Ausbildungszentrum <em>WEG DER MITTE<\/em> Kloster Gerode.<\/p>\n\n\n<div class=\"wp-block-image\">\n<figure class=\"aligncenter size-large is-resized\"><img loading=\"lazy\" decoding=\"async\" width=\"2560\" height=\"1439\" src=\"https:\/\/in-frieden-kommen.de\/wp-content\/uploads\/2022\/01\/IMG_5155-edited-scaled.jpg\" alt=\"\" class=\"wp-image-192\" style=\"width:675px\" srcset=\"https:\/\/in-frieden-kommen.de\/wp-content\/uploads\/2022\/01\/IMG_5155-edited-scaled.jpg 2560w, https:\/\/in-frieden-kommen.de\/wp-content\/uploads\/2022\/01\/IMG_5155-edited-300x169.jpg 300w, https:\/\/in-frieden-kommen.de\/wp-content\/uploads\/2022\/01\/IMG_5155-edited-1024x576.jpg 1024w, https:\/\/in-frieden-kommen.de\/wp-content\/uploads\/2022\/01\/IMG_5155-edited-768x432.jpg 768w, https:\/\/in-frieden-kommen.de\/wp-content\/uploads\/2022\/01\/IMG_5155-edited-1536x863.jpg 1536w, https:\/\/in-frieden-kommen.de\/wp-content\/uploads\/2022\/01\/IMG_5155-edited-2048x1151.jpg 2048w, https:\/\/in-frieden-kommen.de\/wp-content\/uploads\/2022\/01\/IMG_5155-edited-676x380.jpg 676w\" sizes=\"auto, (max-width: 2560px) 100vw, 2560px\" \/><figcaption class=\"wp-element-caption\">Portal der Klosterkirche in Gerode zu Beginn der Revitalisierung<\/figcaption><\/figure>\n<\/div>\n\n\n<p><strong><em><a href=\"https:\/\/www.wegdermitte.de\/index.php?sid=667\" target=\"_blank\" rel=\"noreferrer noopener\">&gt; Dieser Ort<\/a><\/em><\/strong> war in doppelter Hinsicht Ziel der Pilgerreise: einmal im geografischen Sinn und dar\u00fcber hinaus in einem geistigen, als Vision einer dem pers\u00f6nlichen und dem gesellschaftlichen Frieden gewidmeten Begegnungsst\u00e4tte.<\/p>\n\n\n\n<p>Die Mauern des Jahrhunderte-lang von Natur \u00fcberwucherten Kirchengeb\u00e4udes sind heute durch F\u00f6rderung und ehrenamtliches Engagement weitgehend gesichert. Obwohl das Dach seit \u00fcber 150 Jahren zerst\u00f6rt ist, ist die besondere spirituelle Qualit\u00e4t des Raums gerade in seiner freien \u00d6ffnung in den Himmel sp\u00fcrbar (<a rel=\"noreferrer noopener\" href=\"https:\/\/in-frieden-kommen.de\/wp-content\/uploads\/2022\/02\/fundraisingvideogerode.mp4\" target=\"_blank\"><em><strong>&gt;Video zur Klosterkirche<\/strong><\/em><\/a>)<\/p>\n\n\n\n<p>Die Wiederbelebung des sakralen Raums in seiner neuen Widmung als Internationales Friedens- und Begegnungszentrum ist der angestrebte n\u00e4chste Schritt. Im Jahr 2024 blickt <em>WEG DER MITTE<\/em> auf 30 Jahre des Wirkens in seinen \u201evier S\u00e4ulen\u201c dort zur\u00fcck. Im selben Jahr wird das Kloster als lebendiges spirituelles Zentrum inmitten des Eichsfelds 900 Jahre alt.<\/p>\n\n\n\n<p>Vision und Ziel ist, dass diese Jubil\u00e4ums-Feierlichkeiten im ausgebauten Kirchenraum stattfinden k\u00f6nnen!<\/p>\n\n\n\n<p style=\"font-size:14px\"><em>(*) Die Planung des Vorhabens hatte im Januar 2022 begonnen. Inzwischen ist das Friedens-Thema durch den Krieg in der Ukraine auf eine unvorstellbare Art und Weise aktuell, pr\u00e4sent und wichtig geworden. Siehe dazu bitte auch den entsprechenden <a rel=\"noreferrer noopener\" href=\"https:\/\/in-frieden-kommen.de\/erschuetternde-aktualitaet\/\" target=\"_blank\"><strong>&gt; Blogeintrag<\/strong><\/a><\/em><\/p>\n\n\n\n<figure class=\"wp-block-image size-large\"><img loading=\"lazy\" decoding=\"async\" width=\"1024\" height=\"422\" src=\"https:\/\/in-frieden-kommen.de\/wp-content\/uploads\/2023\/02\/2023-Pilgerweg-2022-oben-1024x422.png\" alt=\"\" class=\"wp-image-2597\" srcset=\"https:\/\/in-frieden-kommen.de\/wp-content\/uploads\/2023\/02\/2023-Pilgerweg-2022-oben-1024x422.png 1024w, https:\/\/in-frieden-kommen.de\/wp-content\/uploads\/2023\/02\/2023-Pilgerweg-2022-oben-300x124.png 300w, https:\/\/in-frieden-kommen.de\/wp-content\/uploads\/2023\/02\/2023-Pilgerweg-2022-oben-768x317.png 768w, https:\/\/in-frieden-kommen.de\/wp-content\/uploads\/2023\/02\/2023-Pilgerweg-2022-oben-1536x633.png 1536w, https:\/\/in-frieden-kommen.de\/wp-content\/uploads\/2023\/02\/2023-Pilgerweg-2022-oben-676x279.png 676w, https:\/\/in-frieden-kommen.de\/wp-content\/uploads\/2023\/02\/2023-Pilgerweg-2022-oben.png 1727w\" sizes=\"auto, (max-width: 1024px) 100vw, 1024px\" \/><\/figure>\n\n\n\n<figure class=\"wp-block-image size-large\"><img loading=\"lazy\" decoding=\"async\" width=\"1024\" height=\"735\" src=\"https:\/\/in-frieden-kommen.de\/wp-content\/uploads\/2023\/02\/2023-Pilgerweg-2022-unten-1024x735.png\" alt=\"\" class=\"wp-image-2598\" srcset=\"https:\/\/in-frieden-kommen.de\/wp-content\/uploads\/2023\/02\/2023-Pilgerweg-2022-unten-1024x735.png 1024w, https:\/\/in-frieden-kommen.de\/wp-content\/uploads\/2023\/02\/2023-Pilgerweg-2022-unten-300x215.png 300w, https:\/\/in-frieden-kommen.de\/wp-content\/uploads\/2023\/02\/2023-Pilgerweg-2022-unten-768x551.png 768w, https:\/\/in-frieden-kommen.de\/wp-content\/uploads\/2023\/02\/2023-Pilgerweg-2022-unten-1536x1102.png 1536w, https:\/\/in-frieden-kommen.de\/wp-content\/uploads\/2023\/02\/2023-Pilgerweg-2022-unten-676x485.png 676w, https:\/\/in-frieden-kommen.de\/wp-content\/uploads\/2023\/02\/2023-Pilgerweg-2022-unten.png 1707w\" sizes=\"auto, (max-width: 1024px) 100vw, 1024px\" \/><\/figure>\n\n\n\n<p>Einen Teil der daf\u00fcr n\u00f6tigen Gelder konnte ich mit meinem Pilgern und den damit verbundenen Angeboten und Aktionen einwerben: insgesamt wurden <strong>14.253 Euro<\/strong> gespendet!<\/p>\n\n\n\n<p>Einen gro\u00dfen Anteil daran haben die &#8222;km-Spenden&#8220;: das waren Zusagen, nach Beendigung der Reise f\u00fcr jeden zur\u00fcckgelegten km einen frei gew\u00e4hlten Betrag zu \u00fcberweisen: von 10 Cent bis 1 EUR war alles dabei.<\/p>\n\n\n\n<p>An 9 Orten unterwegs fanden Veranstaltungen statt, die \u00fcber die Vision und das Pilgern informierten und in deren Zentrum Friedensmeditationen standen. Es gab die gut genutzte M\u00f6glichkeit einen oder mehrere Tage mit auf die Pilgerreise zu gehen und sich so dem inneren und \u00e4u\u00dferen Friedensthema anzuschlie\u00dfen. <\/p>\n\n\n\n<p>Und es gab viele einfache direkte Spenden \u00fcber das dazu eingerichtete <strong><em><a href=\"https:\/\/in-frieden-kommen.de\/dabei-sein\/direkte-spende\/\" data-type=\"URL\" data-id=\"https:\/\/in-frieden-kommen.de\/dabei-sein\/direkte-spende\/\" target=\"_blank\" rel=\"noreferrer noopener\">&gt;Spendenportal<\/a><\/em><\/strong>, das weiterhin offensteht. <\/p>\n\n\n\n<p>Damit all das m\u00f6glich wurde, waren viele Menschen im Hintergrund in organisatorischer und logistischer Hilfestellung beteiligt : Ich war unterwegs immer wieder privat eingeladen, aus dem Verein und der Fundraisinggruppe kam Hilfe in der Organisation der Veranstaltungen und so ist das vielf\u00e4ltige Ergebnis des Pilgerprojekts das von gemeinschaftlichem Zusammenarbeiten . <\/p>\n\n\n\n<p><\/p>\n\n\n\n<p><\/p>\n","protected":false},"excerpt":{"rendered":"<p>Vom 8. April bis zum 8. Mai 2022 war ich 580 km pilgernd unterwegs, um einen pers\u00f6nlichen Beitrag f\u00fcr inneren und \u00e4u\u00dferen Frieden zu leisten: Der Pilgerweg f\u00fchrte \u00fcber 583 [&hellip;]<\/p>\n","protected":false},"author":1,"featured_media":0,"parent":0,"menu_order":0,"comment_status":"closed","ping_status":"closed","template":"template-fullwidth.php","meta":{"footnotes":""},"class_list":["post-11","page","type-page","status-publish","hentry","post-preview"],"_links":{"self":[{"href":"https:\/\/in-frieden-kommen.de\/in-frieden-kommen\/wp-json\/wp\/v2\/pages\/11","targetHints":{"allow":["GET"]}}],"collection":[{"href":"https:\/\/in-frieden-kommen.de\/in-frieden-kommen\/wp-json\/wp\/v2\/pages"}],"about":[{"href":"https:\/\/in-frieden-kommen.de\/in-frieden-kommen\/wp-json\/wp\/v2\/types\/page"}],"author":[{"embeddable":true,"href":"https:\/\/in-frieden-kommen.de\/in-frieden-kommen\/wp-json\/wp\/v2\/users\/1"}],"replies":[{"embeddable":true,"href":"https:\/\/in-frieden-kommen.de\/in-frieden-kommen\/wp-json\/wp\/v2\/comments?post=11"}],"version-history":[{"count":79,"href":"https:\/\/in-frieden-kommen.de\/in-frieden-kommen\/wp-json\/wp\/v2\/pages\/11\/revisions"}],"predecessor-version":[{"id":2619,"href":"https:\/\/in-frieden-kommen.de\/in-frieden-kommen\/wp-json\/wp\/v2\/pages\/11\/revisions\/2619"}],"wp:attachment":[{"href":"https:\/\/in-frieden-kommen.de\/in-frieden-kommen\/wp-json\/wp\/v2\/media?parent=11"}],"curies":[{"name":"wp","href":"https:\/\/api.w.org\/{rel}","templated":true}]}}

Der Pilgerweg im Frühjahr 2022

<p>Vom 8. April bis zum 8. Mai 2022 war ich 580 km pilgernd unterwegs, um einen persönlichen Beitrag für inneren und äußeren Frieden zu leisten:</p>



<ul class="wp-block-list">
<li>für inneren Frieden in mir selbst und den Menschen, die sich auf verschiedenen Wegen &#8211; z.B. mitpilgernd &#8211; angeschlossen haben;</li>



<li>für äußeren &#8211; gesellschaftlichen und internationalen &#8211; Frieden (s.u. *) durch das Einwerben von Spenden für ein Internationales Friedens- und Begegnungszentrum in der Klosterkirche in Gerode. Damit unterstütze ich pilgernd und in Seminaren weiterhin die Friedensarbeit der gemeinnützigen <em>WEG DER MITTE &#8211; Daya Mullins Stiftung</em>, die schon heute weit über die Zentren in Berlin, Göttingen und die Klostermauern in Gerode hinaus heilsam wirkt.</li>
</ul>



<figure class="wp-block-image size-large is-style-default"><img loading="lazy" decoding="async" width="1024" height="529" src="https://in-frieden-kommen.de/wp-content/uploads/2022/02/Tour2-1024x529.jpg" alt="" class="wp-image-966" srcset="https://in-frieden-kommen.de/wp-content/uploads/2022/02/Tour2-1024x529.jpg 1024w, https://in-frieden-kommen.de/wp-content/uploads/2022/02/Tour2-300x155.jpg 300w, https://in-frieden-kommen.de/wp-content/uploads/2022/02/Tour2-768x397.jpg 768w, https://in-frieden-kommen.de/wp-content/uploads/2022/02/Tour2-1536x794.jpg 1536w, https://in-frieden-kommen.de/wp-content/uploads/2022/02/Tour2-676x349.jpg 676w, https://in-frieden-kommen.de/wp-content/uploads/2022/02/Tour2.jpg 1885w" sizes="auto, (max-width: 1024px) 100vw, 1024px" /><figcaption class="wp-element-caption">Übersicht der gesamten Strecke</figcaption></figure>



<p>Der Pilgerweg führte über 583 km vom Stammsitz des <em>WEG DER MITTE</em> in Berlin Zehlendorf in einem großen Bogen über Orte und Landschaften, wo Helferinnen und Unterstützer leben, über das <em>WEG DER MITTE</em> Institut für angewandte west-östliche Heilkunst in Göttingen zu den Himmel-überwölbten Mauern der Klosterkirche im Gesundheits- und Ausbildungszentrum <em>WEG DER MITTE</em> Kloster Gerode.</p>


<div class="wp-block-image">
<figure class="aligncenter size-large is-resized"><img loading="lazy" decoding="async" width="2560" height="1439" src="https://in-frieden-kommen.de/wp-content/uploads/2022/01/IMG_5155-edited-scaled.jpg" alt="" class="wp-image-192" style="width:675px" srcset="https://in-frieden-kommen.de/wp-content/uploads/2022/01/IMG_5155-edited-scaled.jpg 2560w, https://in-frieden-kommen.de/wp-content/uploads/2022/01/IMG_5155-edited-300x169.jpg 300w, https://in-frieden-kommen.de/wp-content/uploads/2022/01/IMG_5155-edited-1024x576.jpg 1024w, https://in-frieden-kommen.de/wp-content/uploads/2022/01/IMG_5155-edited-768x432.jpg 768w, https://in-frieden-kommen.de/wp-content/uploads/2022/01/IMG_5155-edited-1536x863.jpg 1536w, https://in-frieden-kommen.de/wp-content/uploads/2022/01/IMG_5155-edited-2048x1151.jpg 2048w, https://in-frieden-kommen.de/wp-content/uploads/2022/01/IMG_5155-edited-676x380.jpg 676w" sizes="auto, (max-width: 2560px) 100vw, 2560px" /><figcaption class="wp-element-caption">Portal der Klosterkirche in Gerode zu Beginn der Revitalisierung</figcaption></figure>
</div>


<p><strong><em><a href="https://www.wegdermitte.de/index.php?sid=667" target="_blank" rel="noreferrer noopener">&gt; Dieser Ort</a></em></strong> war in doppelter Hinsicht Ziel der Pilgerreise: einmal im geografischen Sinn und darüber hinaus in einem geistigen, als Vision einer dem persönlichen und dem gesellschaftlichen Frieden gewidmeten Begegnungsstätte.</p>



<p>Die Mauern des Jahrhunderte-lang von Natur überwucherten Kirchengebäudes sind heute durch Förderung und ehrenamtliches Engagement weitgehend gesichert. Obwohl das Dach seit über 150 Jahren zerstört ist, ist die besondere spirituelle Qualität des Raums gerade in seiner freien Öffnung in den Himmel spürbar (<a rel="noreferrer noopener" href="https://in-frieden-kommen.de/wp-content/uploads/2022/02/fundraisingvideogerode.mp4" target="_blank"><em><strong>&gt;Video zur Klosterkirche</strong></em></a>)</p>



<p>Die Wiederbelebung des sakralen Raums in seiner neuen Widmung als Internationales Friedens- und Begegnungszentrum ist der angestrebte nächste Schritt. Im Jahr 2024 blickt <em>WEG DER MITTE</em> auf 30 Jahre des Wirkens in seinen „vier Säulen“ dort zurück. Im selben Jahr wird das Kloster als lebendiges spirituelles Zentrum inmitten des Eichsfelds 900 Jahre alt.</p>



<p>Vision und Ziel ist, dass diese Jubiläums-Feierlichkeiten im ausgebauten Kirchenraum stattfinden können!</p>



<p style="font-size:14px"><em>(*) Die Planung des Vorhabens hatte im Januar 2022 begonnen. Inzwischen ist das Friedens-Thema durch den Krieg in der Ukraine auf eine unvorstellbare Art und Weise aktuell, präsent und wichtig geworden. Siehe dazu bitte auch den entsprechenden <a rel="noreferrer noopener" href="https://in-frieden-kommen.de/erschuetternde-aktualitaet/" target="_blank"><strong>&gt; Blogeintrag</strong></a></em></p>



<figure class="wp-block-image size-large"><img loading="lazy" decoding="async" width="1024" height="422" src="https://in-frieden-kommen.de/wp-content/uploads/2023/02/2023-Pilgerweg-2022-oben-1024x422.png" alt="" class="wp-image-2597" srcset="https://in-frieden-kommen.de/wp-content/uploads/2023/02/2023-Pilgerweg-2022-oben-1024x422.png 1024w, https://in-frieden-kommen.de/wp-content/uploads/2023/02/2023-Pilgerweg-2022-oben-300x124.png 300w, https://in-frieden-kommen.de/wp-content/uploads/2023/02/2023-Pilgerweg-2022-oben-768x317.png 768w, https://in-frieden-kommen.de/wp-content/uploads/2023/02/2023-Pilgerweg-2022-oben-1536x633.png 1536w, https://in-frieden-kommen.de/wp-content/uploads/2023/02/2023-Pilgerweg-2022-oben-676x279.png 676w, https://in-frieden-kommen.de/wp-content/uploads/2023/02/2023-Pilgerweg-2022-oben.png 1727w" sizes="auto, (max-width: 1024px) 100vw, 1024px" /></figure>



<figure class="wp-block-image size-large"><img loading="lazy" decoding="async" width="1024" height="735" src="https://in-frieden-kommen.de/wp-content/uploads/2023/02/2023-Pilgerweg-2022-unten-1024x735.png" alt="" class="wp-image-2598" srcset="https://in-frieden-kommen.de/wp-content/uploads/2023/02/2023-Pilgerweg-2022-unten-1024x735.png 1024w, https://in-frieden-kommen.de/wp-content/uploads/2023/02/2023-Pilgerweg-2022-unten-300x215.png 300w, https://in-frieden-kommen.de/wp-content/uploads/2023/02/2023-Pilgerweg-2022-unten-768x551.png 768w, https://in-frieden-kommen.de/wp-content/uploads/2023/02/2023-Pilgerweg-2022-unten-1536x1102.png 1536w, https://in-frieden-kommen.de/wp-content/uploads/2023/02/2023-Pilgerweg-2022-unten-676x485.png 676w, https://in-frieden-kommen.de/wp-content/uploads/2023/02/2023-Pilgerweg-2022-unten.png 1707w" sizes="auto, (max-width: 1024px) 100vw, 1024px" /></figure>



<p>Einen Teil der dafür nötigen Gelder konnte ich mit meinem Pilgern und den damit verbundenen Angeboten und Aktionen einwerben: insgesamt wurden <strong>14.253 Euro</strong> gespendet!</p>



<p>Einen großen Anteil daran haben die &#8222;km-Spenden&#8220;: das waren Zusagen, nach Beendigung der Reise für jeden zurückgelegten km einen frei gewählten Betrag zu überweisen: von 10 Cent bis 1 EUR war alles dabei.</p>



<p>An 9 Orten unterwegs fanden Veranstaltungen statt, die über die Vision und das Pilgern informierten und in deren Zentrum Friedensmeditationen standen. Es gab die gut genutzte Möglichkeit einen oder mehrere Tage mit auf die Pilgerreise zu gehen und sich so dem inneren und äußeren Friedensthema anzuschließen. </p>



<p>Und es gab viele einfache direkte Spenden über das dazu eingerichtete <strong><em><a href="https://in-frieden-kommen.de/dabei-sein/direkte-spende/" data-type="URL" data-id="https://in-frieden-kommen.de/dabei-sein/direkte-spende/" target="_blank" rel="noreferrer noopener">&gt;Spendenportal</a></em></strong>, das weiterhin offensteht. </p>



<p>Damit all das möglich wurde, waren viele Menschen im Hintergrund in organisatorischer und logistischer Hilfestellung beteiligt : Ich war unterwegs immer wieder privat eingeladen, aus dem Verein und der Fundraisinggruppe kam Hilfe in der Organisation der Veranstaltungen und so ist das vielfältige Ergebnis des Pilgerprojekts das von gemeinschaftlichem Zusammenarbeiten . </p>



<p></p>



<p></p>

<p>Vom 8. April bis zum 8. Mai 2022 war ich 580 km pilgernd unterwegs, um einen persönlichen Beitrag für inneren und äußeren Frieden zu leisten: Der Pilgerweg führte über 583 [&hellip;]</p>
